797 a composite number?
False
Is 341371 composite?
True
Is 1812919 prime?
False
Is 12432241 a prime number?
True
Is 3372503 a composite number?
False
Is 4508501 a composite number?
False
Is 13633003 prime?
False
Is 5397061 a composite number?
True
Is 75364331 composite?
True
Is 42133237 composite?
False
Is 44247191 composite?
True
Is 22683437 prime?
False
Is 143711 a prime number?
True
Is 138598373 a composite number?
True
Is 338531 prime?
True
Is 397121 a composite number?
True
Is 1054129 a composite number?
True
Is 34959521 prime?
True
Is 69074 a composite number?
True
Is 1412371 a composite number?
True
Is 33385031 a prime number?
False
Is 4468997 composite?
True
Is 3140009 a prime number?
False
Is 526534174 a prime number?
False
Is 768250259 a composite number?
True
Is 588533 a prime number?
False
Is 4845562 a composite number?
True
Is 2532067 prime?
True
Is 77526053 composite?
True
Is 4818269 a prime number?
True
Is 4477493 a prime number?
False
Is 21364061 a composite number?
False
Is 61539581 a prime number?
True
Is 71254687 composite?
True
Is 743450129 a prime number?
False
Is 56803 a prime number?
False
Is 9281603 a prime number?
True
Is 145268329 prime?
False
Is 80737 prime?
True
Is 78223157 composite?
True
Is 554455439 a prime number?
True
Is 54101 prime?
True
Is 18721435 composite?
True
Is 9147553 composite?
False
Is 697063 composite?
False
Is 21471883 composite?
False
Is 150338893 a prime number?
True
Is 11078909 prime?
True
Is 232349213 prime?
True
Is 848951 a composite number?
True
Is 19438163 composite?
False
Is 26339513 a composite number?
False
Is 16384463 a composite number?
False
Is 12707327 a composite number?
True
Is 987829 a composite number?
True
Is 17486171 a composite number?
False
Is 74846711 composite?
False
Is 4233785 composite?
True
Is 30043183 a prime number?
True
Is 2077423 a prime number?
False
Is 10915217 composite?
False
Is 743657 prime?
True
Is 5705893 prime?
False
Is 86088547 composite?
False
Is 10972699 a prime number?
True
Is 852689 a prime number?
True
Is 119888339 a composite number?
True
Is 132757673 a prime number?
True
Is 7214693 a prime number?
False
Is 1733623 a composite number?
False
Is 1878458 prime?
False
Is 13265647 a prime number?
False
Is 5501 a composite number?
False
Is 3422483 a prime number?
True
Is 1230571 composite?
False
Is 155992687 prime?
False
Is 1486921 prime?
False
Is 59503 prime?
False
Is 2579617 prime?
True
Is 226009171 prime?
True
Is 13983733 a prime number?
True
Is 94959503 composite?
False
Is 933437 composite?
True
Is 3393809 composite?
False
Is 2834639 prime?
True
Is 37721029 prime?
False
Is 165092071 prime?
True
Is 4380569 a prime number?
False
Is 22496153 prime?
False
Is 2034161 a prime number?
True
Is 20648107 composite?
True
Is 593917 composite?
True
Is 8439701 a composite number?
True
Is 29789686 a prime number?
False
Is 8616029 a prime number?
True
Is 43325134 prime?
False
Is 2372369 composite?
False
Is 6499949 composite?
False
Is 4283261 prime?
True
Is 1629623 a prime number?
True
Is 1897517 prime?
True
Is 23733179 composite?
True
Is 106292567 a prime number?
True
Is 9051127 a composite number?
False
Is 30176849 composite?
True
Is 88990379 composite?
False
Is 4495979 a composite number?
False
Is 18503159 prime?
False
Is 69759265 a composite number?
True
Is 6266923 composite?
True
Is 122160679 prime?
True
Is 8229563 a composite number?
True
Is 424709 a composite number?
False
Is 23156389 prime?
False
Is 1934263 a composite number?
False
Is 121369051 a composite number?
False
Is 399608537 composite?
False
Is 9814309 composite?
True
Is 1620371 prime?
True
Is 893479 prime?
True
Is 21200021 a prime number?
True
Is 1719203 a composite number?
False
Is 113309329 composite?
True
Is 50934398 a prime number?
False
Is 395352611 composite?
False
Is 407291039 composite?
False
Is 3154967 prime?
True
Is 9794569 composite?
False
Is 664271 a prime number?
True
Is 13014993 a composite number?
True
Is 255651673 a composite number?
False
Is 87796147 composite?
True
Is 159389 composite?
False
Is 3806143 a prime number?
False
Is 43639691 a composite number?
True
Is 4543991 a composite number?
False
Is 48101731 composite?
False
Is 550369 prime?
True
Is 216684643 a prime number?
False
Is 6490793 a prime number?
True
Is 4770163 prime?
True
Is 183168871 composite?
True
Is 7011223 a composite number?
False
Is 178362187 prime?
True
Is 46871269 prime?
True
Is 1616269 prime?
True
Is 1316587 prime?
False
Is 3002077 prime?
False
Is 316438201 a prime number?
True
Is 324492169 a composite number?
False
Is 6953239 a composite number?
False
Is 2891891 composite?
False
Is 115384861 composite?
False
Is 666361 a prime number?
False
Is 154539598 a composite number?
True
Is 22580314 a prime number?
False
Is 50298541 a composite number?
False
Is 14227243 a composite number?
False
Is 66520151 a prime number?
True
Is 3305671 a composite number?
False
Is 1061807 a prime number?
True
Is 14714581 a prime number?
False
Is 15538379 prime?
False
Is 2082631 prime?
True
Is 421907119 prime?
False
Is 1433373 composite?
True
Is 802643 prime?
True
Is 51575221 prime?
False
Is 794363 composite?
False
Is 22378453 composite?
True
Is 439511 prime?
True
Is 21386291 a composite number?
False
Is 1804339 composite?
True
Is 6208513 composite?
False
Is 4880059 prime?
True
Is 13281427 a prime number?
True
Is 12939883 a prime number?
False
Is 5300149 composite?
False
Is 5824723 composite?
False
Is 69020773 prime?
True
Is 1735015 a composite number?
True
Is 8721169 a composite number?
True
Is 13992283 prime?
False
Is 407596969 a prime number?
False
Is 21523202 composite?
True
Is 390097073 a prime number?
True
Is 1358269 composite?
True
Is 158319587 a prime number?
True
Is 1631153 composite?
False
Is 9758361 prime?
False
Is 17849597 a composite number?
False
Is 1189967 prime?
True
Is 43828633 prime?
True
Is 6485599 prime?
True
Is 1373321 a prime number?
True
Is 105960581 composite?
True
Is 9002573 a composite number?
True
Is 12657769 composite?
True
Is 92493571 composite?
False
Is 5558297 a prime number?
True
Is 18970433 prime?
True
Is 39053419 composite?
False
Is 18775789 a composite number?
True
Is 63544115 prime?
False
Is 10799062 prime?
False
Is 8365001 a prime number?
True
Is 37813273 prime?
False
Is 1728246371 composite?
False
Is 4960765 a composite number?
True
Is 3102535 composite?
True
Is 41821771 prime?
True
Is 266333 composite?
False
Is 154204823 prime?
False
Is 892987 composite?
False
Is 1901551 composite?
False
Is 73033793 composite?
True
Is 1809299 composite?
False
Is 30455261 composite?
False
Is 6774871 a composite number?
False
Is 250252861 prime?
False
Is 203158045 a prime number?
False
Is 1992103 a composite number?
True
Is 2673803 composite?
True
Is 484039 composite?
True
Is 2367055 composite?
True
Is 189854771 prime?
False
Is 32093519 composite?
False
Is 1109021 a prime number?
True
Is 15831971 composite?
True
Is 1464779 prime?
False
Is 9045533 prime?
False
Is 199967159 a composite number?
True
Is 2480441 prime?
True
Is 11793071 a composite number?
False
Is 235164823 prime?
True
Is 3456409 a prime number?
False
Is 2140715981 composite?
False
Is 15973681 prime?
True
Is 54802073 composite?
False
Is 43278659 a composite number?
False
Is 17613413 a prime number?
True
Is 1041138517 composite?
True
Is 62208859 a composite number?
True
Is 19389466 a composite number?
True
Is 126478189 a prime number?
True
Is 617315129 composite?
False
Is 243550019 a prime number?
True
Is 3544237 prime?
True
Is 21786529 prime?
True
Is 25070687 a prime number?
False
Is 2249438 composite?
True
Is 59218823 prime?
True
Is 1409999 a composite number?
False
Is 7230611 composite?
False
Is 760951 composite?
False
Is 5539019 prime?
True
Is 109919623 prime?
False
Is 68480509 a prime number?
True
Is 9971495 a composite number?
True
Is 1738393 composite?
True
Is 332839 a composite number?
True
Is 1389103 a prime number?
False
Is 33512515 a prime number?
False
Is 9376657 prime?
False
Is 54536947 a composite number?
True
Is 1070659 a composite number?
False
Is 4136519 a composite number?
True
Is 2408701 prime?
False
Is 2549801 a prime number?
True
Is 1284785 composite?
True
Is 45766793 composite?
False
Is 54793109 composite?
True
Is 348149 prime?
Tru